{"id":41,"date":"2024-01-23T03:09:29","date_gmt":"2024-01-23T03:09:29","guid":{"rendered":"https:\/\/aksstratejik.com.tr\/?page_id=41"},"modified":"2024-01-23T09:41:51","modified_gmt":"2024-01-23T09:41:51","slug":"hakkimizda","status":"publish","type":"page","link":"https:\/\/aksstratejik.com.tr\/?page_id=41","title":{"rendered":"Hakk\u0131m\u0131zda"},"content":{"rendered":"\t\t<div data-elementor-type=\"wp-page\" data-elementor-id=\"41\" class=\"elementor elementor-41\">\n\t\t\t\t\t\t<section class=\"elementor-section elementor-top-section elementor-element elementor-element-51eb388 elementor-section-boxed elementor-section-height-default elementor-section-height-default\" data-id=\"51eb388\" data-element_type=\"section\">\n\t\t\t\t\t\t<div class=\"elementor-container elementor-column-gap-default\">\n\t\t\t\t\t<div class=\"aux-parallax-section elementor-column elementor-col-100 elementor-top-column elementor-element elementor-element-a4f2130\" data-id=\"a4f2130\" data-element_type=\"column\">\n\t\t\t<div class=\"elementor-widget-wrap elementor-element-populated\">\n\t\t\t\t\t\t<div class=\"elementor-element elementor-element-1638f94 elementor-widget elementor-widget-heading\" data-id=\"1638f94\" data-element_type=\"widget\" data-widget_type=\"heading.default\">\n\t\t\t\t<div class=\"elementor-widget-container\">\n\t\t\t\t\t<h2 class=\"elementor-heading-title elementor-size-default\">Hakk\u0131m\u0131zda<\/h2>\t\t\t\t<\/div>\n\t\t\t\t<\/div>\n\t\t\t\t<div class=\"elementor-element elementor-element-261a15c elementor-widget elementor-widget-text-editor\" data-id=\"261a15c\" data-element_type=\"widget\" data-widget_type=\"text-editor.default\">\n\t\t\t\t<div class=\"elementor-widget-container\">\n\t\t\t\t\t\t\t\t\t<p>AKS Stratejik M\u00fchendislik ve Dan\u0131\u015fmanl\u0131k Ticaret Limited \u015eirketi, enerji alan\u0131ndaki \u00e7e\u015fitli bran\u015flarda profesyonel birikim, yetkinlik ve deneyimi kullanarak ak\u0131lc\u0131 \u00e7\u00f6z\u00fcmlere dayal\u0131 stratejik m\u00fchendislik ve dan\u0131\u015fmanl\u0131k hizmetleri vermek \u00fczere kurulmu\u015ftur.<\/p><p>\u00a0<\/p><p>Birlikte \u00e7al\u0131\u015ft\u0131\u011f\u0131m\u0131z firmalara, \u00e7\u00f6z\u00fcm orta\u011f\u0131 olarak davranmak ve amaca y\u00f6nelik \u00f6zel ve ak\u0131lc\u0131 \u00e7\u00f6z\u00fcme odakl\u0131 dan\u0131\u015fmanl\u0131k hizmeti vermek ana ilkemizdir.<\/p><p>\u00a0<\/p><p>Vizyonumuz; ortaya koydu\u011fumuz y\u00fcksek standartlardaki stratejik m\u00fchendislik ve dan\u0131\u015fmanl\u0131k hizmetleriyle \u00fclkemizin ve b\u00f6lgemizin en sayg\u0131 duyulan ve \u00e7\u00f6z\u00fcm ortakl\u0131\u011f\u0131 kapsam\u0131nda en \u00e7ok talep edilen \u015firketi olmakt\u0131r.<\/p><p>\u00a0<\/p><p>Misyonumuz; g\u00fcvenilir kadrosuyla son teknolojik imkanlar\u0131 birle\u015ftirerek m\u00fc\u015fteri bekletisinin \u00fcst\u00fcnde uzman \u00e7\u00f6z\u00fcm servisleri sunmakt\u0131r.<\/p><p>\u00a0<\/p><p>De\u011ferlerimiz; D\u00fcr\u00fcstl\u00fck, a\u00e7\u0131kl\u0131k ve g\u00fcven, ak\u0131lc\u0131 ve m\u00fchendislik odakl\u0131 i\u015fbirli\u011fi, gizlilik ve sayg\u0131<\/p>\t\t\t\t\t\t\t\t<\/div>\n\t\t\t\t<\/div>\n\t\t\t\t\t<\/div>\n\t\t<\/div>\n\t\t\t\t\t<\/div>\n\t\t<\/section>\n\t\t\t\t<\/div>\n\t\t","protected":false},"excerpt":{"rendered":"<p>Hakk\u0131m\u0131zda AKS Stratejik M\u00fchendislik ve Dan\u0131\u015fmanl\u0131k Ticaret Limited \u015eirketi, enerji alan\u0131ndaki \u00e7e\u015fitli bran\u015flarda profesyonel birikim, yetkinlik ve deneyimi kullanarak ak\u0131lc\u0131 \u00e7\u00f6z\u00fcmlere dayal\u0131 stratejik m\u00fchendislik ve dan\u0131\u015fmanl\u0131k hizmetleri vermek \u00fczere kurulmu\u015ftur. \u00a0 Birlikte \u00e7al\u0131\u015ft\u0131\u011f\u0131m\u0131z firmalara, \u00e7\u00f6z\u00fcm orta\u011f\u0131 olarak davranmak ve amaca y\u00f6nelik \u00f6zel ve ak\u0131lc\u0131 \u00e7\u00f6z\u00fcme odakl\u0131 dan\u0131\u015fmanl\u0131k hizmeti vermek ana ilkemizdir. \u00a0 Vizyonumuz; ortaya koydu\u011fumuz [&hellip;]<\/p>\n","protected":false},"author":1,"featured_media":0,"parent":0,"menu_order":0,"comment_status":"closed","ping_status":"closed","template":"","meta":{"footnotes":""},"class_list":["post-41","page","type-page","status-publish","hentry"],"_links":{"self":[{"href":"https:\/\/aksstratejik.com.tr\/index.php?rest_route=\/wp\/v2\/pages\/41","targetHints":{"allow":["GET"]}}],"collection":[{"href":"https:\/\/aksstratejik.com.tr\/index.php?rest_route=\/wp\/v2\/pages"}],"about":[{"href":"https:\/\/aksstratejik.com.tr\/index.php?rest_route=\/wp\/v2\/types\/page"}],"author":[{"embeddable":true,"href":"https:\/\/aksstratejik.com.tr\/index.php?rest_route=\/wp\/v2\/users\/1"}],"replies":[{"embeddable":true,"href":"https:\/\/aksstratejik.com.tr\/index.php?rest_route=%2Fwp%2Fv2%2Fcomments&post=41"}],"version-history":[{"count":10,"href":"https:\/\/aksstratejik.com.tr\/index.php?rest_route=\/wp\/v2\/pages\/41\/revisions"}],"predecessor-version":[{"id":221,"href":"https:\/\/aksstratejik.com.tr\/index.php?rest_route=\/wp\/v2\/pages\/41\/revisions\/221"}],"wp:attachment":[{"href":"https:\/\/aksstratejik.com.tr\/index.php?rest_route=%2Fwp%2Fv2%2Fmedia&parent=41"}],"curies":[{"name":"wp","href":"https:\/\/api.w.org\/{rel}","templated":true}]}}